{"id":6,"date":"2021-10-13T20:00:57","date_gmt":"2021-10-13T20:00:57","guid":{"rendered":"http:\/\/www.soc-nord.dk\/?page_id=6"},"modified":"2026-02-13T11:45:16","modified_gmt":"2026-02-13T11:45:16","slug":"om","status":"publish","type":"page","link":"https:\/\/www.soc-nord.dk\/index.php\/om\/","title":{"rendered":"Vores politikere"},"content":{"rendered":"\n<div class=\"wp-block-media-text alignwide is-stacked-on-mobile is-vertically-aligned-top\" style=\"grid-template-columns:28% auto\"><figure class=\"wp-block-media-text__media\"><img loading=\"lazy\" decoding=\"async\" width=\"754\" height=\"1024\" src=\"http:\/\/www.soc-nord.dk\/wp-content\/uploads\/2026\/02\/portraet-m-roed-jakke-754x1024.jpg\" alt=\"\" class=\"wp-image-83 size-full\" srcset=\"https:\/\/www.soc-nord.dk\/wp-content\/uploads\/2026\/02\/portraet-m-roed-jakke-754x1024.jpg 754w, https:\/\/www.soc-nord.dk\/wp-content\/uploads\/2026\/02\/portraet-m-roed-jakke-221x300.jpg 221w, https:\/\/www.soc-nord.dk\/wp-content\/uploads\/2026\/02\/portraet-m-roed-jakke-768x1043.jpg 768w, https:\/\/www.soc-nord.dk\/wp-content\/uploads\/2026\/02\/portraet-m-roed-jakke-1131x1536.jpg 1131w, https:\/\/www.soc-nord.dk\/wp-content\/uploads\/2026\/02\/portraet-m-roed-jakke-1508x2048.jpg 1508w, https:\/\/www.soc-nord.dk\/wp-content\/uploads\/2026\/02\/portraet-m-roed-jakke-1568x2130.jpg 1568w, https:\/\/www.soc-nord.dk\/wp-content\/uploads\/2026\/02\/portraet-m-roed-jakke-scaled.jpg 1885w\" sizes=\"auto, (max-width: 754px) 100vw, 754px\" \/><\/figure><div class=\"wp-block-media-text__content\">\n<h2 class=\"wp-block-heading\">Folketingskandidat<\/h2>\n\n\n\n<p><strong>Hvem er Peder Key Kristiansen?<\/strong> <br>Opvokset i Aars i Himmerland, nu bosat i Skagen sammen med min kone Maj-Britt. Sammen har vi to dejlige b\u00f8rn, som begge er 25 \u00e5r og godt p\u00e5 vej i livet.<br>Til daglig direkt\u00f8r p\u00e5 Skagen Uddannelsescenter, hvor vi arbejder med organisering og finansiering af lokale udviklingsprojekter og nordiske samarbejdsprojekter via EU\u2019s forskellige st\u00f8tteprogrammer.<br>Er dybt engageret i byens og kommunens udvikling, og engageret som frivillig i forskellige lokale foreninger.<br><strong>Tillidsposter:<\/strong><br>&#8211; Formand for Socialdemokratiet Skagen siden 2013 <br>&#8211; tidligere formand for Skagen Festival Fond  <br>&#8211; tidligere bestyrelsesmedlem i LAG Nord og LAG Vendsyssel i 14 \u00e5r<br>&#8211; bestyrelsesmedlem i Skagen Bryghus A\/S i 20 \u00e5r<br>&#8211; bestyrelseformand i Fonden Skagen Stadion i 4 \u00e5r<\/p>\n<\/div><\/div>\n\n\n\n<div class=\"wp-block-media-text alignwide is-stacked-on-mobile is-vertically-aligned-top\" style=\"grid-template-columns:28% auto\"><figure class=\"wp-block-media-text__media\"><img loading=\"lazy\" decoding=\"async\" width=\"300\" height=\"300\" src=\"http:\/\/www.soc-nord.dk\/wp-content\/uploads\/2021\/10\/Kirsten-Morild-Andersen.jpeg\" alt=\"\" class=\"wp-image-67 size-full\" srcset=\"https:\/\/www.soc-nord.dk\/wp-content\/uploads\/2021\/10\/Kirsten-Morild-Andersen.jpeg 300w, https:\/\/www.soc-nord.dk\/wp-content\/uploads\/2021\/10\/Kirsten-Morild-Andersen-150x150.jpeg 150w\" sizes=\"auto, (max-width: 300px) 100vw, 300px\" \/><\/figure><div class=\"wp-block-media-text__content\">\n<h2 class=\"wp-block-heading\">Regionsr\u00e5dsmedlem<\/h2>\n\n\n\n<p><strong>Hvem er Kirsten Morild Andersen<\/strong><br>Jeg er nordjyde i hjertet, mor til to d\u00f8tre og mormor til 4 b\u00f8rneb\u00f8rn, der alle bor i K\u00f8benhavn. <br>Jeg er uddannet l\u00e6rer med virke i udskolingen i Frederikshavn. Herudover underviser jeg unge i Ungdomsskolen med \u201dPolitik p\u00e5 en sjov m\u00e5de\u201d i kulturfag. Jeg er med til at arrangere Ungdommens EU Topm\u00f8de p\u00e5 Christiansborg med 180 deltagere. <br>I min fritid er jeg aktiv roer i Frederikshavn Roklub, hvor jeg ror p\u00e5 havet ud for Kragholmen, hvor jeg ogs\u00e5 bor. Er glad vinterbader og nyder den dejlige unikke nordjyske natur, som vi alle skal v\u00e6rne om. <br>N\u00e5r jeg g\u00e5r ind i politik, s\u00e5 er det for at se med nye \u00f8jne og skabe en st\u00f8rre mobilitet i sundhedsv\u00e6snet og med et sundt, socialt og gr\u00f8nt engagement.<\/p>\n\n\n\n<p><strong>Tillidsposter:<\/strong><br>&#8211; Bestyrelsesmedlem i FIC Forum for Internationalt Samarbejde, der arbejder for at mindske uligheden i Europa og Afrika med udviklingsprojekter<br>&#8211; Beskikket censor for Undervisningsministeret i samfundsfag <br>&#8211; Tilknyttet Professionsh\u00f8jskolen i samfundsfag og KLM<br>&#8211; Kulturformidler som arrangerer rejser til Bruxelles og Paris for unge, der er engageret i politik og kultur.<\/p>\n<\/div><\/div>\n","protected":false},"excerpt":{"rendered":"<p>Folketingskandidat Hvem er Peder Key Kristiansen? Opvokset i Aars i Himmerland, nu bosat i Skagen sammen med min kone Maj-Britt. Sammen har vi to dejlige b\u00f8rn, som begge er 25 \u00e5r og godt p\u00e5 vej i livet.Til daglig direkt\u00f8r p\u00e5 Skagen Uddannelsescenter, hvor vi arbejder med organisering og finansiering af lokale udviklingsprojekter og nordiske samarbejdsprojekter&hellip; <a class=\"more-link\" href=\"https:\/\/www.soc-nord.dk\/index.php\/om\/\">L\u00e6s mere <span class=\"screen-reader-text\">Vores politikere<\/span><\/a><\/p>\n","protected":false},"author":1,"featured_media":0,"parent":0,"menu_order":0,"comment_status":"closed","ping_status":"closed","template":"","meta":{"footnotes":""},"class_list":["post-6","page","type-page","status-publish","hentry","entry"],"_links":{"self":[{"href":"https:\/\/www.soc-nord.dk\/index.php\/wp-json\/wp\/v2\/pages\/6","targetHints":{"allow":["GET"]}}],"collection":[{"href":"https:\/\/www.soc-nord.dk\/index.php\/wp-json\/wp\/v2\/pages"}],"about":[{"href":"https:\/\/www.soc-nord.dk\/index.php\/wp-json\/wp\/v2\/types\/page"}],"author":[{"embeddable":true,"href":"https:\/\/www.soc-nord.dk\/index.php\/wp-json\/wp\/v2\/users\/1"}],"replies":[{"embeddable":true,"href":"https:\/\/www.soc-nord.dk\/index.php\/wp-json\/wp\/v2\/comments?post=6"}],"version-history":[{"count":9,"href":"https:\/\/www.soc-nord.dk\/index.php\/wp-json\/wp\/v2\/pages\/6\/revisions"}],"predecessor-version":[{"id":96,"href":"https:\/\/www.soc-nord.dk\/index.php\/wp-json\/wp\/v2\/pages\/6\/revisions\/96"}],"wp:attachment":[{"href":"https:\/\/www.soc-nord.dk\/index.php\/wp-json\/wp\/v2\/media?parent=6"}],"curies":[{"name":"wp","href":"https:\/\/api.w.org\/{rel}","templated":true}]}}